{"id":4070,"date":"2023-06-04T20:27:22","date_gmt":"2023-06-04T20:27:22","guid":{"rendered":"http:\/\/aksuboya.com.tr\/?page_id=4070"},"modified":"2023-06-15T10:55:37","modified_gmt":"2023-06-15T10:55:37","slug":"tavan-boyalari","status":"publish","type":"page","link":"http:\/\/aksuboya.com.tr\/?page_id=4070","title":{"rendered":"Tavan Boyalar\u0131"},"content":{"rendered":"\t\t<div data-elementor-type=\"wp-post\" data-elementor-id=\"4070\" class=\"elementor elementor-4070\">\n\t\t\t\t<div class=\"elementor-element elementor-element-afbf8b4 e-grid e-con-boxed e-con e-parent\" data-id=\"afbf8b4\" data-element_type=\"container\">\n\t\t\t\t\t<div class=\"e-con-inner\">\n\t\t\t\t<div class=\"elementor-element elementor-element-776aaf6 content-align-center icon-vertical-align-center icon-box-vertical-align-top elementor-widget elementor-widget-the7_image_box_grid_widget\" data-id=\"776aaf6\" data-element_type=\"widget\" data-widget_type=\"the7_image_box_grid_widget.default\">\n\t\t\t\t<div class=\"elementor-widget-container\">\n\t\t\t<div class=\"the7-box-grid-wrapper the7-elementor-widget loading-effect-none the7_image_box_grid_widget-776aaf6\">\t\t\t<div class=\"dt-css-grid\">\n\t\t\t\t\t\t\t\t\t<div class=\"wf-cell shown\">\n\t\t\t\t\t\t<div class=\"the7-image-box-wrapper the7-box-wrapper the7-elementor-widget\">\t\t\t\t\t\t\t<div class=\"box-content-wrapper\">\n\n\t\t\t\t\t\t\t\t\t\t\t\t\t\t\t\t\t<div class=\"elementor-image-div \">\n\t\t\t\t\t\t\t\t\t\t<a class=\"post-thumbnail-rollover layzr-bg img-css-resize-wrapper\" href=\"http:\/\/aksuboya.com.tr\/?page_id=4725\"><img fetchpriority=\"high\" width=\"300\" height=\"300\" src=\"data:image\/svg+xml,%3Csvg%20xmlns%3D&#039;http%3A%2F%2Fwww.w3.org%2F2000%2Fsvg&#039;%20viewBox%3D&#039;0%200%20300%20300&#039;%2F%3E\" class=\"attachment-medium size-medium preload-me aspect lazy lazy-load\" alt=\"\" decoding=\"async\" sizes=\"(max-width: 300px) 100vw, 300px\" style=\"--ratio: 300 \/ 300;\" data-src=\"http:\/\/aksuboya.com.tr\/wp-content\/uploads\/2023\/06\/1-01-5-300x300.png\" loading=\"eager\" data-srcset=\"http:\/\/aksuboya.com.tr\/wp-content\/uploads\/2023\/06\/1-01-5-300x300.png 300w, http:\/\/aksuboya.com.tr\/wp-content\/uploads\/2023\/06\/1-01-5-1024x1024.png 1024w, http:\/\/aksuboya.com.tr\/wp-content\/uploads\/2023\/06\/1-01-5-150x150.png 150w, http:\/\/aksuboya.com.tr\/wp-content\/uploads\/2023\/06\/1-01-5-768x768.png 768w, http:\/\/aksuboya.com.tr\/wp-content\/uploads\/2023\/06\/1-01-5-1536x1536.png 1536w, http:\/\/aksuboya.com.tr\/wp-content\/uploads\/2023\/06\/1-01-5-600x600.png 600w, http:\/\/aksuboya.com.tr\/wp-content\/uploads\/2023\/06\/1-01-5-200x200.png 200w, http:\/\/aksuboya.com.tr\/wp-content\/uploads\/2023\/06\/1-01-5.png 1667w\" \/><\/a>\t\t\t\t\t\t\t\t\t<\/div>\n\t\t\t\t\t\t\t\t\t\t\t\t\t\t\t\t<div class=\"box-content\">\n\t\t\t\t\t\t\t\t\t<h4 class=\"box-heading\"><a href=\"http:\/\/aksuboya.com.tr\/?page_id=4725\">Permolit Antibakteriyel S\u00fcper Tavan Boyas\u0131<\/a><\/h4><a href=\"http:\/\/aksuboya.com.tr\/?page_id=4725\" class=\"box-button elementor-button elementor-size-xs\">Detaylar<\/a>\t\t\t\t\t\t\t\t<\/div>\n\t\t\t\t\t\t\t<\/div>\n\t\t\t\t\t\t<\/div>\t\t\t\t\t<\/div>\n\t\t\t\t\t\t\t\t<\/div>\n\t\t\t<\/div>\t\t<\/div>\n\t\t\t\t<\/div>\n\t\t\t\t<div class=\"elementor-element elementor-element-5edf814 content-align-center icon-vertical-align-center icon-box-vertical-align-top elementor-widget elementor-widget-the7_image_box_grid_widget\" data-id=\"5edf814\" data-element_type=\"widget\" data-widget_type=\"the7_image_box_grid_widget.default\">\n\t\t\t\t<div class=\"elementor-widget-container\">\n\t\t\t<div class=\"the7-box-grid-wrapper the7-elementor-widget loading-effect-none the7_image_box_grid_widget-5edf814\">\t\t\t<div class=\"dt-css-grid\">\n\t\t\t\t\t\t\t\t\t<div class=\"wf-cell shown\">\n\t\t\t\t\t\t<div class=\"the7-image-box-wrapper the7-box-wrapper the7-elementor-widget\">\t\t\t\t\t\t\t<div class=\"box-content-wrapper\">\n\n\t\t\t\t\t\t\t\t\t\t\t\t\t\t\t\t\t<div class=\"elementor-image-div \">\n\t\t\t\t\t\t\t\t\t\t<a class=\"post-thumbnail-rollover layzr-bg img-css-resize-wrapper\" href=\"http:\/\/aksuboya.com.tr\/?page_id=4733\"><img width=\"300\" height=\"300\" src=\"data:image\/svg+xml,%3Csvg%20xmlns%3D&#039;http%3A%2F%2Fwww.w3.org%2F2000%2Fsvg&#039;%20viewBox%3D&#039;0%200%20300%20300&#039;%2F%3E\" class=\"attachment-medium size-medium preload-me aspect lazy lazy-load\" alt=\"\" decoding=\"async\" sizes=\"(max-width: 300px) 100vw, 300px\" style=\"--ratio: 300 \/ 300;\" data-src=\"http:\/\/aksuboya.com.tr\/wp-content\/uploads\/2023\/06\/1-03-2-300x300.png\" loading=\"eager\" data-srcset=\"http:\/\/aksuboya.com.tr\/wp-content\/uploads\/2023\/06\/1-03-2-300x300.png 300w, http:\/\/aksuboya.com.tr\/wp-content\/uploads\/2023\/06\/1-03-2-1024x1024.png 1024w, http:\/\/aksuboya.com.tr\/wp-content\/uploads\/2023\/06\/1-03-2-150x150.png 150w, http:\/\/aksuboya.com.tr\/wp-content\/uploads\/2023\/06\/1-03-2-768x768.png 768w, http:\/\/aksuboya.com.tr\/wp-content\/uploads\/2023\/06\/1-03-2-1536x1536.png 1536w, http:\/\/aksuboya.com.tr\/wp-content\/uploads\/2023\/06\/1-03-2-600x600.png 600w, http:\/\/aksuboya.com.tr\/wp-content\/uploads\/2023\/06\/1-03-2-200x200.png 200w, http:\/\/aksuboya.com.tr\/wp-content\/uploads\/2023\/06\/1-03-2.png 1667w\" \/><\/a>\t\t\t\t\t\t\t\t\t<\/div>\n\t\t\t\t\t\t\t\t\t\t\t\t\t\t\t\t<div class=\"box-content\">\n\t\t\t\t\t\t\t\t\t<h4 class=\"box-heading\"><a href=\"http:\/\/aksuboya.com.tr\/?page_id=4733\">S\u00fcper Tavan Boyas\u0131<\/a><\/h4><a href=\"http:\/\/aksuboya.com.tr\/?page_id=4733\" class=\"box-button elementor-button elementor-size-xs\">Detaylar<\/a>\t\t\t\t\t\t\t\t<\/div>\n\t\t\t\t\t\t\t<\/div>\n\t\t\t\t\t\t<\/div>\t\t\t\t\t<\/div>\n\t\t\t\t\t\t\t\t<\/div>\n\t\t\t<\/div>\t\t<\/div>\n\t\t\t\t<\/div>\n\t\t\t\t<div class=\"elementor-element elementor-element-6b2a3ae content-align-center icon-vertical-align-center icon-box-vertical-align-top elementor-widget elementor-widget-the7_image_box_grid_widget\" data-id=\"6b2a3ae\" data-element_type=\"widget\" data-widget_type=\"the7_image_box_grid_widget.default\">\n\t\t\t\t<div class=\"elementor-widget-container\">\n\t\t\t<div class=\"the7-box-grid-wrapper the7-elementor-widget loading-effect-none the7_image_box_grid_widget-6b2a3ae\">\t\t\t<div class=\"dt-css-grid\">\n\t\t\t\t\t\t\t\t\t<div class=\"wf-cell shown\">\n\t\t\t\t\t\t<div class=\"the7-image-box-wrapper the7-box-wrapper the7-elementor-widget\">\t\t\t\t\t\t\t<div class=\"box-content-wrapper\">\n\n\t\t\t\t\t\t\t\t\t\t\t\t\t\t\t\t\t<div class=\"elementor-image-div \">\n\t\t\t\t\t\t\t\t\t\t<a class=\"post-thumbnail-rollover layzr-bg img-css-resize-wrapper\" href=\"http:\/\/aksuboya.com.tr\/?page_id=4741\"><img width=\"300\" height=\"300\" src=\"data:image\/svg+xml,%3Csvg%20xmlns%3D&#039;http%3A%2F%2Fwww.w3.org%2F2000%2Fsvg&#039;%20viewBox%3D&#039;0%200%20300%20300&#039;%2F%3E\" class=\"attachment-medium size-medium preload-me aspect lazy lazy-load\" alt=\"\" decoding=\"async\" sizes=\"(max-width: 300px) 100vw, 300px\" style=\"--ratio: 300 \/ 300;\" data-src=\"http:\/\/aksuboya.com.tr\/wp-content\/uploads\/2023\/06\/1-02-2-300x300.png\" loading=\"eager\" data-srcset=\"http:\/\/aksuboya.com.tr\/wp-content\/uploads\/2023\/06\/1-02-2-300x300.png 300w, http:\/\/aksuboya.com.tr\/wp-content\/uploads\/2023\/06\/1-02-2-1024x1024.png 1024w, http:\/\/aksuboya.com.tr\/wp-content\/uploads\/2023\/06\/1-02-2-150x150.png 150w, http:\/\/aksuboya.com.tr\/wp-content\/uploads\/2023\/06\/1-02-2-768x768.png 768w, http:\/\/aksuboya.com.tr\/wp-content\/uploads\/2023\/06\/1-02-2-1536x1536.png 1536w, http:\/\/aksuboya.com.tr\/wp-content\/uploads\/2023\/06\/1-02-2-600x600.png 600w, http:\/\/aksuboya.com.tr\/wp-content\/uploads\/2023\/06\/1-02-2-200x200.png 200w, http:\/\/aksuboya.com.tr\/wp-content\/uploads\/2023\/06\/1-02-2.png 1667w\" \/><\/a>\t\t\t\t\t\t\t\t\t<\/div>\n\t\t\t\t\t\t\t\t\t\t\t\t\t\t\t\t<div class=\"box-content\">\n\t\t\t\t\t\t\t\t\t<h4 class=\"box-heading\"><a href=\"http:\/\/aksuboya.com.tr\/?page_id=4741\">Permoplus Tavan Boyas\u0131<\/a><\/h4><a href=\"http:\/\/aksuboya.com.tr\/?page_id=4741\" class=\"box-button elementor-button elementor-size-xs\">Detaylar<\/a>\t\t\t\t\t\t\t\t<\/div>\n\t\t\t\t\t\t\t<\/div>\n\t\t\t\t\t\t<\/div>\t\t\t\t\t<\/div>\n\t\t\t\t\t\t\t\t<\/div>\n\t\t\t<\/div>\t\t<\/div>\n\t\t\t\t<\/div>\n\t\t\t\t\t<\/div>\n\t\t\t\t<\/div>\n\t\t\t\t<\/div>\n\t\t","protected":false},"excerpt":{"rendered":"<p>Permolit Antibakteriyel S\u00fcper Tavan Boyas\u0131 Detaylar S\u00fcper Tavan Boyas\u0131 Detaylar Permoplus Tavan Boyas\u0131 Detaylar<\/p>\n","protected":false},"author":1,"featured_media":3991,"parent":0,"menu_order":0,"comment_status":"closed","ping_status":"closed","template":"","meta":[],"acf":[],"_links":{"self":[{"href":"http:\/\/aksuboya.com.tr\/index.php?rest_route=\/wp\/v2\/pages\/4070"}],"collection":[{"href":"http:\/\/aksuboya.com.tr\/index.php?rest_route=\/wp\/v2\/pages"}],"about":[{"href":"http:\/\/aksuboya.com.tr\/index.php?rest_route=\/wp\/v2\/types\/page"}],"author":[{"embeddable":true,"href":"http:\/\/aksuboya.com.tr\/index.php?rest_route=\/wp\/v2\/users\/1"}],"replies":[{"embeddable":true,"href":"http:\/\/aksuboya.com.tr\/index.php?rest_route=%2Fwp%2Fv2%2Fcomments&post=4070"}],"version-history":[{"count":20,"href":"http:\/\/aksuboya.com.tr\/index.php?rest_route=\/wp\/v2\/pages\/4070\/revisions"}],"predecessor-version":[{"id":4748,"href":"http:\/\/aksuboya.com.tr\/index.php?rest_route=\/wp\/v2\/pages\/4070\/revisions\/4748"}],"wp:featuredmedia":[{"embeddable":true,"href":"http:\/\/aksuboya.com.tr\/index.php?rest_route=\/wp\/v2\/media\/3991"}],"wp:attachment":[{"href":"http:\/\/aksuboya.com.tr\/index.php?rest_route=%2Fwp%2Fv2%2Fmedia&parent=4070"}],"curies":[{"name":"wp","href":"https:\/\/api.w.org\/{rel}","templated":true}]}}