{"id":4104,"date":"2023-06-04T21:10:41","date_gmt":"2023-06-04T21:10:41","guid":{"rendered":"http:\/\/aksuboya.com.tr\/?page_id=4104"},"modified":"2023-06-16T10:00:42","modified_gmt":"2023-06-16T10:00:42","slug":"ahsap-koruyucular","status":"publish","type":"page","link":"http:\/\/aksuboya.com.tr\/?page_id=4104","title":{"rendered":"Ah\u015fap Koruyucular"},"content":{"rendered":"\t\t<div data-elementor-type=\"wp-page\" data-elementor-id=\"4104\" class=\"elementor elementor-4104\">\n\t\t\t\t<div class=\"elementor-element elementor-element-9f209c9 e-grid e-con-boxed e-con e-parent\" data-id=\"9f209c9\" data-element_type=\"container\">\n\t\t\t\t\t<div class=\"e-con-inner\">\n\t\t\t\t<div class=\"elementor-element elementor-element-fa9f06c content-align-center icon-vertical-align-center icon-box-vertical-align-top elementor-widget elementor-widget-the7_image_box_grid_widget\" data-id=\"fa9f06c\" data-element_type=\"widget\" data-widget_type=\"the7_image_box_grid_widget.default\">\n\t\t\t\t<div class=\"elementor-widget-container\">\n\t\t\t<div class=\"the7-box-grid-wrapper the7-elementor-widget loading-effect-none the7_image_box_grid_widget-fa9f06c\">\t\t\t<div class=\"dt-css-grid\">\n\t\t\t\t\t\t\t\t\t<div class=\"wf-cell shown\">\n\t\t\t\t\t\t<div class=\"the7-image-box-wrapper the7-box-wrapper the7-elementor-widget\">\t\t\t\t\t\t\t<div class=\"box-content-wrapper\">\n\n\t\t\t\t\t\t\t\t\t\t\t\t\t\t\t\t\t<div class=\"elementor-image-div \">\n\t\t\t\t\t\t\t\t\t\t<a class=\"post-thumbnail-rollover layzr-bg img-css-resize-wrapper\" href=\"http:\/\/aksuboya.com.tr\/?page_id=4925\"><img fetchpriority=\"high\" width=\"300\" height=\"300\" src=\"data:image\/svg+xml,%3Csvg%20xmlns%3D&#039;http%3A%2F%2Fwww.w3.org%2F2000%2Fsvg&#039;%20viewBox%3D&#039;0%200%20300%20300&#039;%2F%3E\" class=\"attachment-medium size-medium preload-me aspect lazy lazy-load\" alt=\"\" decoding=\"async\" sizes=\"(max-width: 300px) 100vw, 300px\" style=\"--ratio: 300 \/ 300;\" data-src=\"http:\/\/aksuboya.com.tr\/wp-content\/uploads\/2023\/06\/permocila-1-600x600-1-300x300.png\" loading=\"eager\" data-srcset=\"http:\/\/aksuboya.com.tr\/wp-content\/uploads\/2023\/06\/permocila-1-600x600-1-300x300.png 300w, http:\/\/aksuboya.com.tr\/wp-content\/uploads\/2023\/06\/permocila-1-600x600-1-150x150.png 150w, http:\/\/aksuboya.com.tr\/wp-content\/uploads\/2023\/06\/permocila-1-600x600-1-200x200.png 200w, http:\/\/aksuboya.com.tr\/wp-content\/uploads\/2023\/06\/permocila-1-600x600-1.png 600w\" \/><\/a>\t\t\t\t\t\t\t\t\t<\/div>\n\t\t\t\t\t\t\t\t\t\t\t\t\t\t\t\t<div class=\"box-content\">\n\t\t\t\t\t\t\t\t\t<h4 class=\"box-heading\"><a href=\"http:\/\/aksuboya.com.tr\/?page_id=4925\">Permocila Parke Cam Cila<\/a><\/h4><a href=\"http:\/\/aksuboya.com.tr\/?page_id=4925\" class=\"box-button elementor-button elementor-size-xs\">Detaylar<\/a>\t\t\t\t\t\t\t\t<\/div>\n\t\t\t\t\t\t\t<\/div>\n\t\t\t\t\t\t<\/div>\t\t\t\t\t<\/div>\n\t\t\t\t\t\t\t\t<\/div>\n\t\t\t<\/div>\t\t<\/div>\n\t\t\t\t<\/div>\n\t\t\t\t<div class=\"elementor-element elementor-element-db3c357 content-align-center icon-vertical-align-center icon-box-vertical-align-top elementor-widget elementor-widget-the7_image_box_grid_widget\" data-id=\"db3c357\" data-element_type=\"widget\" data-widget_type=\"the7_image_box_grid_widget.default\">\n\t\t\t\t<div class=\"elementor-widget-container\">\n\t\t\t<div class=\"the7-box-grid-wrapper the7-elementor-widget loading-effect-none the7_image_box_grid_widget-db3c357\">\t\t\t<div class=\"dt-css-grid\">\n\t\t\t\t\t\t\t\t\t<div class=\"wf-cell shown\">\n\t\t\t\t\t\t<div class=\"the7-image-box-wrapper the7-box-wrapper the7-elementor-widget\">\t\t\t\t\t\t\t<div class=\"box-content-wrapper\">\n\n\t\t\t\t\t\t\t\t\t\t\t\t\t\t\t\t\t<div class=\"elementor-image-div \">\n\t\t\t\t\t\t\t\t\t\t<a class=\"post-thumbnail-rollover layzr-bg img-css-resize-wrapper\" href=\"http:\/\/aksuboya.com.tr\/?page_id=4932\"><img width=\"300\" height=\"300\" src=\"data:image\/svg+xml,%3Csvg%20xmlns%3D&#039;http%3A%2F%2Fwww.w3.org%2F2000%2Fsvg&#039;%20viewBox%3D&#039;0%200%20300%20300&#039;%2F%3E\" class=\"attachment-medium size-medium preload-me aspect lazy lazy-load\" alt=\"\" decoding=\"async\" sizes=\"(max-width: 300px) 100vw, 300px\" style=\"--ratio: 300 \/ 300;\" data-src=\"http:\/\/aksuboya.com.tr\/wp-content\/uploads\/2023\/06\/w-300x300.png\" loading=\"eager\" data-srcset=\"http:\/\/aksuboya.com.tr\/wp-content\/uploads\/2023\/06\/w-300x300.png 300w, http:\/\/aksuboya.com.tr\/wp-content\/uploads\/2023\/06\/w-150x150.png 150w, http:\/\/aksuboya.com.tr\/wp-content\/uploads\/2023\/06\/w-200x200.png 200w, http:\/\/aksuboya.com.tr\/wp-content\/uploads\/2023\/06\/w.png 600w\" \/><\/a>\t\t\t\t\t\t\t\t\t<\/div>\n\t\t\t\t\t\t\t\t\t\t\t\t\t\t\t\t<div class=\"box-content\">\n\t\t\t\t\t\t\t\t\t<h4 class=\"box-heading\"><a href=\"http:\/\/aksuboya.com.tr\/?page_id=4932\">Permosel Sel\u00fclozik Dolgu Verni\u011fi<\/a><\/h4><a href=\"http:\/\/aksuboya.com.tr\/?page_id=4932\" class=\"box-button elementor-button elementor-size-xs\">Detaylar<\/a>\t\t\t\t\t\t\t\t<\/div>\n\t\t\t\t\t\t\t<\/div>\n\t\t\t\t\t\t<\/div>\t\t\t\t\t<\/div>\n\t\t\t\t\t\t\t\t<\/div>\n\t\t\t<\/div>\t\t<\/div>\n\t\t\t\t<\/div>\n\t\t\t\t<div class=\"elementor-element elementor-element-24ef67f content-align-center icon-vertical-align-center icon-box-vertical-align-top elementor-widget elementor-widget-the7_image_box_grid_widget\" data-id=\"24ef67f\" data-element_type=\"widget\" data-widget_type=\"the7_image_box_grid_widget.default\">\n\t\t\t\t<div class=\"elementor-widget-container\">\n\t\t\t<div class=\"the7-box-grid-wrapper the7-elementor-widget loading-effect-none the7_image_box_grid_widget-24ef67f\">\t\t\t<div class=\"dt-css-grid\">\n\t\t\t\t\t\t\t\t\t<div class=\"wf-cell shown\">\n\t\t\t\t\t\t<div class=\"the7-image-box-wrapper the7-box-wrapper the7-elementor-widget\">\t\t\t\t\t\t\t<div class=\"box-content-wrapper\">\n\n\t\t\t\t\t\t\t\t\t\t\t\t\t\t\t\t\t<div class=\"elementor-image-div \">\n\t\t\t\t\t\t\t\t\t\t<a class=\"post-thumbnail-rollover layzr-bg img-css-resize-wrapper\" href=\"http:\/\/aksuboya.com.tr\/?page_id=4939\"><img width=\"300\" height=\"300\" src=\"data:image\/svg+xml,%3Csvg%20xmlns%3D&#039;http%3A%2F%2Fwww.w3.org%2F2000%2Fsvg&#039;%20viewBox%3D&#039;0%200%20300%20300&#039;%2F%3E\" class=\"attachment-medium size-medium preload-me aspect lazy lazy-load\" alt=\"\" decoding=\"async\" sizes=\"(max-width: 300px) 100vw, 300px\" style=\"--ratio: 300 \/ 300;\" data-src=\"http:\/\/aksuboya.com.tr\/wp-content\/uploads\/2023\/06\/e-1-300x300.png\" loading=\"eager\" data-srcset=\"http:\/\/aksuboya.com.tr\/wp-content\/uploads\/2023\/06\/e-1-300x300.png 300w, http:\/\/aksuboya.com.tr\/wp-content\/uploads\/2023\/06\/e-1-150x150.png 150w, http:\/\/aksuboya.com.tr\/wp-content\/uploads\/2023\/06\/e-1-200x200.png 200w, http:\/\/aksuboya.com.tr\/wp-content\/uploads\/2023\/06\/e-1.png 600w\" \/><\/a>\t\t\t\t\t\t\t\t\t<\/div>\n\t\t\t\t\t\t\t\t\t\t\t\t\t\t\t\t<div class=\"box-content\">\n\t\t\t\t\t\t\t\t\t<h4 class=\"box-heading\"><a href=\"http:\/\/aksuboya.com.tr\/?page_id=4939\">Permosel Sel\u00fclozik Vernik<\/a><\/h4><a href=\"http:\/\/aksuboya.com.tr\/?page_id=4939\" class=\"box-button elementor-button elementor-size-xs\">Click Here<\/a>\t\t\t\t\t\t\t\t<\/div>\n\t\t\t\t\t\t\t<\/div>\n\t\t\t\t\t\t<\/div>\t\t\t\t\t<\/div>\n\t\t\t\t\t\t\t\t<\/div>\n\t\t\t<\/div>\t\t<\/div>\n\t\t\t\t<\/div>\n\t\t\t\t<div class=\"elementor-element elementor-element-216a11f content-align-center icon-vertical-align-center icon-box-vertical-align-top elementor-widget elementor-widget-the7_image_box_grid_widget\" data-id=\"216a11f\" data-element_type=\"widget\" data-widget_type=\"the7_image_box_grid_widget.default\">\n\t\t\t\t<div class=\"elementor-widget-container\">\n\t\t\t<div class=\"the7-box-grid-wrapper the7-elementor-widget loading-effect-none the7_image_box_grid_widget-216a11f\">\t\t\t<div class=\"dt-css-grid\">\n\t\t\t\t\t\t\t\t\t<div class=\"wf-cell shown\">\n\t\t\t\t\t\t<div class=\"the7-image-box-wrapper the7-box-wrapper the7-elementor-widget\">\t\t\t\t\t\t\t<div class=\"box-content-wrapper\">\n\n\t\t\t\t\t\t\t\t\t\t\t\t\t\t\t\t\t<div class=\"elementor-image-div \">\n\t\t\t\t\t\t\t\t\t\t<a class=\"post-thumbnail-rollover layzr-bg img-css-resize-wrapper\" href=\"http:\/\/aksuboya.com.tr\/?page_id=4946\"><img width=\"300\" height=\"300\" src=\"data:image\/svg+xml,%3Csvg%20xmlns%3D&#039;http%3A%2F%2Fwww.w3.org%2F2000%2Fsvg&#039;%20viewBox%3D&#039;0%200%20300%20300&#039;%2F%3E\" class=\"attachment-medium size-medium preload-me aspect lazy lazy-load\" alt=\"\" decoding=\"async\" sizes=\"(max-width: 300px) 100vw, 300px\" style=\"--ratio: 300 \/ 300;\" data-src=\"http:\/\/aksuboya.com.tr\/wp-content\/uploads\/2023\/06\/ee-300x300.png\" loading=\"eager\" data-srcset=\"http:\/\/aksuboya.com.tr\/wp-content\/uploads\/2023\/06\/ee-300x300.png 300w, http:\/\/aksuboya.com.tr\/wp-content\/uploads\/2023\/06\/ee-150x150.png 150w, http:\/\/aksuboya.com.tr\/wp-content\/uploads\/2023\/06\/ee-200x200.png 200w, http:\/\/aksuboya.com.tr\/wp-content\/uploads\/2023\/06\/ee.png 600w\" \/><\/a>\t\t\t\t\t\t\t\t\t<\/div>\n\t\t\t\t\t\t\t\t\t\t\t\t\t\t\t\t<div class=\"box-content\">\n\t\t\t\t\t\t\t\t\t<h4 class=\"box-heading\"><a href=\"http:\/\/aksuboya.com.tr\/?page_id=4946\">Permotik Tik Ya\u011f\u0131<\/a><\/h4><a href=\"http:\/\/aksuboya.com.tr\/?page_id=4946\" class=\"box-button elementor-button elementor-size-xs\">Detaylar<\/a>\t\t\t\t\t\t\t\t<\/div>\n\t\t\t\t\t\t\t<\/div>\n\t\t\t\t\t\t<\/div>\t\t\t\t\t<\/div>\n\t\t\t\t\t\t\t\t<\/div>\n\t\t\t<\/div>\t\t<\/div>\n\t\t\t\t<\/div>\n\t\t\t\t<div class=\"elementor-element elementor-element-1b68f6c content-align-center icon-vertical-align-center icon-box-vertical-align-top elementor-widget elementor-widget-the7_image_box_grid_widget\" data-id=\"1b68f6c\" data-element_type=\"widget\" data-widget_type=\"the7_image_box_grid_widget.default\">\n\t\t\t\t<div class=\"elementor-widget-container\">\n\t\t\t<div class=\"the7-box-grid-wrapper the7-elementor-widget loading-effect-none the7_image_box_grid_widget-1b68f6c\">\t\t\t<div class=\"dt-css-grid\">\n\t\t\t\t\t\t\t\t\t<div class=\"wf-cell shown\">\n\t\t\t\t\t\t<div class=\"the7-image-box-wrapper the7-box-wrapper the7-elementor-widget\">\t\t\t\t\t\t\t<div class=\"box-content-wrapper\">\n\n\t\t\t\t\t\t\t\t\t\t\t\t\t\t\t\t\t<div class=\"elementor-image-div \">\n\t\t\t\t\t\t\t\t\t\t<a class=\"post-thumbnail-rollover layzr-bg img-css-resize-wrapper\" href=\"http:\/\/aksuboya.com.tr\/?page_id=4952\"><img width=\"300\" height=\"300\" src=\"data:image\/svg+xml,%3Csvg%20xmlns%3D&#039;http%3A%2F%2Fwww.w3.org%2F2000%2Fsvg&#039;%20viewBox%3D&#039;0%200%20300%20300&#039;%2F%3E\" class=\"attachment-medium size-medium preload-me aspect lazy lazy-load\" alt=\"\" decoding=\"async\" sizes=\"(max-width: 300px) 100vw, 300px\" style=\"--ratio: 300 \/ 300;\" data-src=\"http:\/\/aksuboya.com.tr\/wp-content\/uploads\/2023\/06\/dd-300x300.png\" loading=\"eager\" data-srcset=\"http:\/\/aksuboya.com.tr\/wp-content\/uploads\/2023\/06\/dd-300x300.png 300w, http:\/\/aksuboya.com.tr\/wp-content\/uploads\/2023\/06\/dd-150x150.png 150w, http:\/\/aksuboya.com.tr\/wp-content\/uploads\/2023\/06\/dd-200x200.png 200w, http:\/\/aksuboya.com.tr\/wp-content\/uploads\/2023\/06\/dd.png 600w\" \/><\/a>\t\t\t\t\t\t\t\t\t<\/div>\n\t\t\t\t\t\t\t\t\t\t\t\t\t\t\t\t<div class=\"box-content\">\n\t\t\t\t\t\t\t\t\t<h4 class=\"box-heading\"><a href=\"http:\/\/aksuboya.com.tr\/?page_id=4952\">Permovernik Vernikli Ah\u015fap Koruyucu<\/a><\/h4><a href=\"http:\/\/aksuboya.com.tr\/?page_id=4952\" class=\"box-button elementor-button elementor-size-xs\">Detaylar<\/a>\t\t\t\t\t\t\t\t<\/div>\n\t\t\t\t\t\t\t<\/div>\n\t\t\t\t\t\t<\/div>\t\t\t\t\t<\/div>\n\t\t\t\t\t\t\t\t<\/div>\n\t\t\t<\/div>\t\t<\/div>\n\t\t\t\t<\/div>\n\t\t\t\t<div class=\"elementor-element elementor-element-9eea27d content-align-center icon-vertical-align-center icon-box-vertical-align-top elementor-widget elementor-widget-the7_image_box_grid_widget\" data-id=\"9eea27d\" data-element_type=\"widget\" data-widget_type=\"the7_image_box_grid_widget.default\">\n\t\t\t\t<div class=\"elementor-widget-container\">\n\t\t\t<div class=\"the7-box-grid-wrapper the7-elementor-widget loading-effect-none the7_image_box_grid_widget-9eea27d\">\t\t\t<div class=\"dt-css-grid\">\n\t\t\t\t\t\t\t\t\t<div class=\"wf-cell shown\">\n\t\t\t\t\t\t<div class=\"the7-image-box-wrapper the7-box-wrapper the7-elementor-widget\">\t\t\t\t\t\t\t<div class=\"box-content-wrapper\">\n\n\t\t\t\t\t\t\t\t\t\t\t\t\t\t\t\t\t<div class=\"elementor-image-div \">\n\t\t\t\t\t\t\t\t\t\t<a class=\"post-thumbnail-rollover layzr-bg img-css-resize-wrapper\" href=\"http:\/\/aksuboya.com.tr\/?page_id=4959\"><img width=\"300\" height=\"300\" src=\"data:image\/svg+xml,%3Csvg%20xmlns%3D&#039;http%3A%2F%2Fwww.w3.org%2F2000%2Fsvg&#039;%20viewBox%3D&#039;0%200%20300%20300&#039;%2F%3E\" class=\"attachment-medium size-medium preload-me aspect lazy lazy-load\" alt=\"\" decoding=\"async\" sizes=\"(max-width: 300px) 100vw, 300px\" style=\"--ratio: 300 \/ 300;\" data-src=\"http:\/\/aksuboya.com.tr\/wp-content\/uploads\/2023\/06\/d-300x300.png\" loading=\"eager\" data-srcset=\"http:\/\/aksuboya.com.tr\/wp-content\/uploads\/2023\/06\/d-300x300.png 300w, http:\/\/aksuboya.com.tr\/wp-content\/uploads\/2023\/06\/d-150x150.png 150w, http:\/\/aksuboya.com.tr\/wp-content\/uploads\/2023\/06\/d-200x200.png 200w, http:\/\/aksuboya.com.tr\/wp-content\/uploads\/2023\/06\/d.png 600w\" \/><\/a>\t\t\t\t\t\t\t\t\t<\/div>\n\t\t\t\t\t\t\t\t\t\t\t\t\t\t\t\t<div class=\"box-content\">\n\t\t\t\t\t\t\t\t\t<h4 class=\"box-heading\"><a href=\"http:\/\/aksuboya.com.tr\/?page_id=4959\">Permoyat Yat Vernik<\/a><\/h4><a href=\"http:\/\/aksuboya.com.tr\/?page_id=4959\" class=\"box-button elementor-button elementor-size-xs\">Detaylar<\/a>\t\t\t\t\t\t\t\t<\/div>\n\t\t\t\t\t\t\t<\/div>\n\t\t\t\t\t\t<\/div>\t\t\t\t\t<\/div>\n\t\t\t\t\t\t\t\t<\/div>\n\t\t\t<\/div>\t\t<\/div>\n\t\t\t\t<\/div>\n\t\t\t\t<div class=\"elementor-element elementor-element-dff4fb2 content-align-center icon-vertical-align-center icon-box-vertical-align-top elementor-widget elementor-widget-the7_image_box_grid_widget\" data-id=\"dff4fb2\" data-element_type=\"widget\" data-widget_type=\"the7_image_box_grid_widget.default\">\n\t\t\t\t<div class=\"elementor-widget-container\">\n\t\t\t<div class=\"the7-box-grid-wrapper the7-elementor-widget loading-effect-none the7_image_box_grid_widget-dff4fb2\">\t\t\t<div class=\"dt-css-grid\">\n\t\t\t\t\t\t\t\t\t<div class=\"wf-cell shown\">\n\t\t\t\t\t\t<div class=\"the7-image-box-wrapper the7-box-wrapper the7-elementor-widget\">\t\t\t\t\t\t\t<div class=\"box-content-wrapper\">\n\n\t\t\t\t\t\t\t\t\t\t\t\t\t\t\t\t\t<div class=\"elementor-image-div \">\n\t\t\t\t\t\t\t\t\t\t<a class=\"post-thumbnail-rollover layzr-bg img-css-resize-wrapper\" href=\"http:\/\/aksuboya.com.tr\/?page_id=4967\"><img width=\"300\" height=\"300\" src=\"data:image\/svg+xml,%3Csvg%20xmlns%3D&#039;http%3A%2F%2Fwww.w3.org%2F2000%2Fsvg&#039;%20viewBox%3D&#039;0%200%20300%20300&#039;%2F%3E\" class=\"attachment-medium size-medium preload-me aspect lazy lazy-load\" alt=\"\" decoding=\"async\" sizes=\"(max-width: 300px) 100vw, 300px\" style=\"--ratio: 300 \/ 300;\" data-src=\"http:\/\/aksuboya.com.tr\/wp-content\/uploads\/2023\/06\/ddd-300x300.png\" loading=\"eager\" data-srcset=\"http:\/\/aksuboya.com.tr\/wp-content\/uploads\/2023\/06\/ddd-300x300.png 300w, http:\/\/aksuboya.com.tr\/wp-content\/uploads\/2023\/06\/ddd-150x150.png 150w, http:\/\/aksuboya.com.tr\/wp-content\/uploads\/2023\/06\/ddd-200x200.png 200w, http:\/\/aksuboya.com.tr\/wp-content\/uploads\/2023\/06\/ddd.png 600w\" \/><\/a>\t\t\t\t\t\t\t\t\t<\/div>\n\t\t\t\t\t\t\t\t\t\t\t\t\t\t\t\t<div class=\"box-content\">\n\t\t\t\t\t\t\t\t\t<h4 class=\"box-heading\"><a href=\"http:\/\/aksuboya.com.tr\/?page_id=4967\">Masif ve Kaplama Tamir Macunu<\/a><\/h4><a href=\"http:\/\/aksuboya.com.tr\/?page_id=4967\" class=\"box-button elementor-button elementor-size-xs\">Detaylar<\/a>\t\t\t\t\t\t\t\t<\/div>\n\t\t\t\t\t\t\t<\/div>\n\t\t\t\t\t\t<\/div>\t\t\t\t\t<\/div>\n\t\t\t\t\t\t\t\t<\/div>\n\t\t\t<\/div>\t\t<\/div>\n\t\t\t\t<\/div>\n\t\t\t\t\t<\/div>\n\t\t\t\t<\/div>\n\t\t\t\t<\/div>\n\t\t","protected":false},"excerpt":{"rendered":"<p>Permocila Parke Cam Cila Detaylar Permosel Sel\u00fclozik Dolgu Verni\u011fi Detaylar Permosel Sel\u00fclozik Vernik Click Here Permotik Tik Ya\u011f\u0131 Detaylar Permovernik Vernikli Ah\u015fap Koruyucu Detaylar Permoyat Yat Vernik Detaylar Masif ve Kaplama Tamir Macunu Detaylar<\/p>\n","protected":false},"author":1,"featured_media":3991,"parent":0,"menu_order":0,"comment_status":"closed","ping_status":"closed","template":"","meta":[],"acf":[],"_links":{"self":[{"href":"http:\/\/aksuboya.com.tr\/index.php?rest_route=\/wp\/v2\/pages\/4104"}],"collection":[{"href":"http:\/\/aksuboya.com.tr\/index.php?rest_route=\/wp\/v2\/pages"}],"about":[{"href":"http:\/\/aksuboya.com.tr\/index.php?rest_route=\/wp\/v2\/types\/page"}],"author":[{"embeddable":true,"href":"http:\/\/aksuboya.com.tr\/index.php?rest_route=\/wp\/v2\/users\/1"}],"replies":[{"embeddable":true,"href":"http:\/\/aksuboya.com.tr\/index.php?rest_route=%2Fwp%2Fv2%2Fcomments&post=4104"}],"version-history":[{"count":32,"href":"http:\/\/aksuboya.com.tr\/index.php?rest_route=\/wp\/v2\/pages\/4104\/revisions"}],"predecessor-version":[{"id":4973,"href":"http:\/\/aksuboya.com.tr\/index.php?rest_route=\/wp\/v2\/pages\/4104\/revisions\/4973"}],"wp:featuredmedia":[{"embeddable":true,"href":"http:\/\/aksuboya.com.tr\/index.php?rest_route=\/wp\/v2\/media\/3991"}],"wp:attachment":[{"href":"http:\/\/aksuboya.com.tr\/index.php?rest_route=%2Fwp%2Fv2%2Fmedia&parent=4104"}],"curies":[{"name":"wp","href":"https:\/\/api.w.org\/{rel}","templated":true}]}}