{"id":4630,"date":"2023-06-14T20:22:06","date_gmt":"2023-06-14T20:22:06","guid":{"rendered":"http:\/\/aksuboya.com.tr\/?page_id=4630"},"modified":"2023-06-14T20:35:42","modified_gmt":"2023-06-14T20:35:42","slug":"permovarak-altin-gorunumlu-boya","status":"publish","type":"page","link":"http:\/\/aksuboya.com.tr\/?page_id=4630","title":{"rendered":"PermoVarak Alt\u0131n G\u00f6r\u00fcn\u00fcml\u00fc Boya"},"content":{"rendered":"<div class=\"wpb-content-wrapper\"><p>[vc_row][vc_column][vc_column_text][\/vc_column_text][\/vc_column][\/vc_row][vc_row][vc_column width=&#8221;1\/2&#8243;][vc_single_image image=&#8221;4633&#8243; img_size=&#8221;medium&#8221; add_caption=&#8221;yes&#8221; alignment=&#8221;center&#8221;][\/vc_column][vc_column width=&#8221;1\/2&#8243;][vc_column_text]<\/p>\r\n<h2>Permosil Silikonlu \u0130pek Mat \u0130\u00e7 Cephe Boyas\u0131<\/h2>\r\n<ul>\r\n<li class=\"bullet-checkmark\">Uzun \u00f6m\u00fcrl\u00fc<\/li>\r\n<li class=\"bullet-checkmark\">\u0130pek g\u00f6r\u00fcn\u00fcml\u00fc y\u00fczeyler<\/li>\r\n<li class=\"bullet-checkmark\">Kolay uygulan\u0131r<\/li>\r\n<li class=\"bullet-checkmark\">Tam silinebilir<\/li>\r\n<\/ul>\r\n<p>[\/vc_column_text][\/vc_column][\/vc_row][vc_row][vc_column][vc_column_text]<\/p>\r\n<h2>Permosil Silikonlu \u0130pek Mat \u0130\u00e7 Cephe Boyas\u0131<\/h2>\r\n<p>Su bazl\u0131, akrilik em\u00fclsiyon esasl\u0131, silikon katk\u0131l\u0131, ipek mat, tam silinebilir, dekoratif son kat i\u00e7 cephe boyas\u0131d\u0131r. Boya \u00f6ncesi haz\u0131rl\u0131klar\u0131 tamamlanm\u0131\u015f her t\u00fcrl\u00fc i\u00e7 cephe yap\u0131 elemanlar\u0131 \u00fczerine uygulanabilir.<\/p>\r\n<p>\u0130pek mat g\u00f6r\u00fcn\u00fcml\u00fc, y\u00fcksek \u00f6rt\u00fcc\u00fcl\u00fc\u011fe sahip, her t\u00fcrl\u00fc y\u00fczeye m\u00fckemmel yap\u0131\u015fan ve kolay uygulama \u00f6zelliklerine sahip bir boyad\u0131r. F\u0131r\u00e7a veya rulo izi yapmaz, s\u0131va hatalar\u0131n\u0131 g\u00f6stermez. Tam silinebilir bir boyad\u0131r, \u00e7izilme ve darbelere kar\u015f\u0131 dayan\u0131kl\u0131d\u0131r. Silikonlu yap\u0131s\u0131 ve bile\u015fimi sayesinde normal boyalara g\u00f6re daha az kirlenir ve kolay temizlenir. \u0130pek mat parlakl\u0131\u011f\u0131 ve canl\u0131 renkleri ile ferah mekanlar olu\u015fmas\u0131n\u0131 sa\u011flar. Kokusuz, \u00e7evreye ve insan<br \/>sa\u011fl\u0131\u011f\u0131na duyarl\u0131 bir \u00fcr\u00fcnd\u00fcr.<\/p>\r\n<p>Uygulama: Y\u00fczeyler kir, toz, ya\u011f, eski boya kal\u0131nt\u0131lar\u0131 ve kendini ta\u015f\u0131yamayacak gev\u015fek dokulardan ar\u0131nd\u0131r\u0131lmal\u0131d\u0131r. Y\u00fczeylerdeki seviye farkl\u0131l\u0131klar\u0131, bozukluklar ve \u00e7atlaklar Permolit Permomacun S\u00fcper Akrilik \u0130\u00e7 Cephe Macunu ile d\u00fczeltilmelidir. \u0130lk defa boyanacak al\u00e7\u0131 ve macun uygulanm\u0131\u015f y\u00fczeyler Permolit Permobinder ile, eski boyal\u0131 y\u00fczeyler ile di\u011fer y\u00fczeyler ise Permolit Permolak Akrilik Astar veya Permolit Permosar Silikonlu Astar ile tek kat olarak<br \/>astarlanmal\u0131d\u0131r. Boya uygulamas\u0131 en az iki kat halinde ve katlar aras\u0131nda en az 6 saat beklenerek yap\u0131lmal\u0131d\u0131r. Kullan\u0131lan t\u00fcm ara\u00e7lar su ile temizlenebilir.<\/p>\r\n<p>\u0130nceltme : Su ile hacimce %10 oran\u0131nda inceltilmelidir.<\/p>\r\n<p>Kullan\u0131lan Aletler : Saten rulo, f\u0131r\u00e7a veya p\u00fcsk\u00fcrtme sistemleri.<\/p>\r\n<p>Kaplama G\u00fcc\u00fc : Y\u00fczeyin d\u00fczg\u00fcnl\u00fck ve emicili\u011fine ba\u011fl\u0131 olmak kayd\u0131 ile tek katta 12 \u2013 16 m\u00b2\/L<\/p>\r\n<p>Kuruma S\u00fcresi : Dokunma Kurumas\u0131 30 dk, tam kurumas\u0131 24 saattir.<\/p>\r\n<p>Ambalaj :15 L, 7.5 L, 2.5 L<\/p>\r\n<p>[\/vc_column_text][\/vc_column][\/vc_row]<\/p><\/div>","protected":false},"excerpt":{"rendered":"<p>[vc_row][vc_column][vc_column_text][\/vc_column_text][\/vc_column][\/vc_row][vc_row][vc_column width=&#8221;1\/2&#8243;][vc_single_image image=&#8221;4633&#8243; img_size=&#8221;medium&#8221; add_caption=&#8221;yes&#8221; alignment=&#8221;center&#8221;][\/vc_column][vc_column width=&#8221;1\/2&#8243;][vc_column_text] Permosil Silikonlu \u0130pek Mat \u0130\u00e7 Cephe Boyas\u0131 Uzun \u00f6m\u00fcrl\u00fc \u0130pek g\u00f6r\u00fcn\u00fcml\u00fc y\u00fczeyler Kolay uygulan\u0131r Tam silinebilir [\/vc_column_text][\/vc_column][\/vc_row][vc_row][vc_column][vc_column_text] Permosil Silikonlu \u0130pek Mat \u0130\u00e7 Cephe Boyas\u0131 Su bazl\u0131, akrilik em\u00fclsiyon esasl\u0131, silikon katk\u0131l\u0131, ipek mat, tam silinebilir, dekoratif son kat i\u00e7 cephe boyas\u0131d\u0131r. Boya \u00f6ncesi haz\u0131rl\u0131klar\u0131 tamamlanm\u0131\u015f her t\u00fcrl\u00fc i\u00e7&hellip;<\/p>\n","protected":false},"author":1,"featured_media":3991,"parent":0,"menu_order":0,"comment_status":"closed","ping_status":"closed","template":"","meta":[],"acf":[],"_links":{"self":[{"href":"http:\/\/aksuboya.com.tr\/index.php?rest_route=\/wp\/v2\/pages\/4630"}],"collection":[{"href":"http:\/\/aksuboya.com.tr\/index.php?rest_route=\/wp\/v2\/pages"}],"about":[{"href":"http:\/\/aksuboya.com.tr\/index.php?rest_route=\/wp\/v2\/types\/page"}],"author":[{"embeddable":true,"href":"http:\/\/aksuboya.com.tr\/index.php?rest_route=\/wp\/v2\/users\/1"}],"replies":[{"embeddable":true,"href":"http:\/\/aksuboya.com.tr\/index.php?rest_route=%2Fwp%2Fv2%2Fcomments&post=4630"}],"version-history":[{"count":4,"href":"http:\/\/aksuboya.com.tr\/index.php?rest_route=\/wp\/v2\/pages\/4630\/revisions"}],"predecessor-version":[{"id":4635,"href":"http:\/\/aksuboya.com.tr\/index.php?rest_route=\/wp\/v2\/pages\/4630\/revisions\/4635"}],"wp:featuredmedia":[{"embeddable":true,"href":"http:\/\/aksuboya.com.tr\/index.php?rest_route=\/wp\/v2\/media\/3991"}],"wp:attachment":[{"href":"http:\/\/aksuboya.com.tr\/index.php?rest_route=%2Fwp%2Fv2%2Fmedia&parent=4630"}],"curies":[{"name":"wp","href":"https:\/\/api.w.org\/{rel}","templated":true}]}}