{"id":4664,"date":"2023-06-14T21:55:58","date_gmt":"2023-06-14T21:55:58","guid":{"rendered":"http:\/\/aksuboya.com.tr\/?page_id=4664"},"modified":"2023-06-14T22:01:45","modified_gmt":"2023-06-14T22:01:45","slug":"duvart-mermer-dekoratif-duvar-boyasi","status":"publish","type":"page","link":"http:\/\/aksuboya.com.tr\/?page_id=4664","title":{"rendered":"Duvart Mermer Dekoratif Duvar Boyas\u0131"},"content":{"rendered":"<div class=\"wpb-content-wrapper\"><p>[vc_row][vc_column][vc_column_text][\/vc_column_text][\/vc_column][\/vc_row][vc_row][vc_column width=&#8221;1\/2&#8243;][vc_single_image image=&#8221;3948&#8243; img_size=&#8221;medium&#8221; add_caption=&#8221;yes&#8221; alignment=&#8221;center&#8221;][\/vc_column][vc_column width=&#8221;1\/2&#8243;][vc_column_text]<\/p>\r\n<h2>Duvart Mermer Dekoratif Duvar Boyas\u0131<\/h2>\r\n<ul>\r\n<li class=\"bullet-checkmark\">Uzun \u00f6m\u00fcrl\u00fc<\/li>\r\n<li class=\"bullet-checkmark\">Silinebilir<\/li>\r\n<li class=\"bullet-checkmark\">Renklendirilebilir<\/li>\r\n<li class=\"bullet-checkmark\">Mermer g\u00f6r\u00fcn\u00fcm\u00fc kazand\u0131r\u0131r<\/li>\r\n<\/ul>\r\n<p>[\/vc_column_text][\/vc_column][\/vc_row][vc_row][vc_column][vc_column_text]<\/p>\r\n<h2>Duvart Mermer Dekoratif Duvar Boyas\u0131<\/h2>\r\n<div class=\"product-description\">Duvart Mermer Dekoratif Duvar Boyas\u0131, su bazl\u0131, y\u00fczeylere mermer g\u00f6r\u00fcn\u00fcm\u00fc kazand\u0131ran, dekoratif, estetik, parlak, son kat i\u00e7 cephe kaplamas\u0131d\u0131r. Uygun astar ile astarlanm\u0131\u015f y\u00fczeyi d\u00fczg\u00fcnle\u015ftirilmi\u015f t\u00fcm i\u00e7 cephe yap\u0131 elemanlar\u0131 \u00fczerine ve kendi \u00f6zel cilas\u0131 yap\u0131lmak \u015fart\u0131yla d\u00fczg\u00fcn y\u00fczeyli a\u015f\u0131r\u0131 ya\u011f\u0131\u015f almayan d\u0131\u015f cephe yap\u0131 elemanlar\u0131 \u00fczerine uygulanabilir. Y\u00fczeyler kir, toz, nem, eski boya kal\u0131nt\u0131lar\u0131 ve kendini ta\u015f\u0131yamayacak gev\u015fek dokulardan ar\u0131nd\u0131r\u0131lmal\u0131, seviye farkl\u0131l\u0131klar\u0131 giderilmelidir. Dekoratif g\u00f6r\u00fcn\u00fcm\u00fcn daha g\u00fczel, malzeme sarfiyat\u0131n\u0131n daha az olmas\u0131 i\u00e7in Permolit Macun kaplanm\u0131\u015f y\u00fczeyler \u00fczerine uygulanmal\u0131d\u0131r. \u0130lk defa boyanacak Saten al\u00e7\u0131 veya macun y\u00fczeyler mutlaka 1\/7 inceltilmi\u015f\u00a0Permolit Binder\u00a0ile veya\u00a0Permolit Al\u00e7\u0131 Astar\u0131\u00a0ile astarlanmal\u0131, zemin\u00a0Permosoft Silikonlu \u0130pek Mat \u0130\u00e7 cephe Boyas\u0131\u00a0ile doyurulmal\u0131d\u0131r. Eski boyal\u0131 sa\u011flam, p\u00fcr\u00fczs\u00fcz y\u00fczeyler ise\u00a0Permolit Permolak Akrilik Astar\u00a0veya\u00a0Permolit Silikon Esasl\u0131 D\u0131\u015f Cephe Astar\u0131\u00a0uyguland\u0131ktan sonra Permosoft Silikonlu \u0130pek Mat i\u00e7 cephe boyas\u0131 ile boyanmal\u0131d\u0131r. Birinci ve ikinci kat uygulamada mala veya spatula \u00fczerine boya al\u0131n\u0131r, geli\u015fi g\u00fczel k\u00fc\u00e7\u00fck hareketler ile s\u0131y\u0131rma yap\u0131larak zemin kaplan\u0131r. \u00dc\u00e7\u00fcnc\u00fc ve son kat uygulamadan \u00f6nce y\u00fczey 250\u2019likten daha ince bir z\u0131mpara ile hafif\u00e7e z\u0131mparalan\u0131r, tozu al\u0131n\u0131r. Spatula veya mala \u00fczerine az miktarda boya al\u0131narak (yoklama \u00e7ekilir gibi) yar\u0131m ay \u015feklinde veya istenilen g\u00f6r\u00fcn\u00fcme g\u00f6re k\u00fc\u00e7\u00fck hareketler ile hafif\u00e7e bast\u0131r\u0131larak zemin kaplan\u0131r. Tam kuruma olmadan mala ve spatula ile y\u00fczey parlat\u0131l\u0131r. Leke tutmayan \u00f6zel cilas\u0131 kaplanmak istenirse en az iki g\u00fcn sonra kaplanmal\u0131d\u0131r.<\/div>\r\n<h3><strong>Duvart Mermer Dekoratif Duvar Boyas\u0131<\/strong><\/h3>\r\n<div>G\u00f6r\u00fcn\u00fcm : Yar\u0131 mat, dekoratif g\u00f6r\u00fcn\u00fcml\u00fc, i\u00e7 cephe kaplamas\u0131.<br \/>Renk : Beyaz<br \/>Viskozite : 245 \u00b1 5 KU\/25oC<br \/>Yo\u011funluk : 1,54 \u00b1 0,02 gr\/cm3<br \/>Kat\u0131 Madde : 66 \u00b1 2 (120\u00baC 30 dak)<br \/>pH : 8,5 \u00b1 1<br \/>Sarfiyat Miktar\u0131 : Y\u00fczey \u015fartlar\u0131na ve elde edilmek istenen dekoratif g\u00f6r\u00fcn\u00fcme g\u00f6re de\u011fi\u015fkendir.<br \/>Tek katta 0.8 \u2013 1.1 kg\/m2 alan boyanabilir.<br \/>Kesin sarfiyat i\u00e7in kontroll\u00fc numune \u00e7al\u0131\u015fmas\u0131 tavsiye edilir.<br \/>Kuruma S\u00fcresi : Dokunma kurumas\u0131 30 dak<br \/>(23\u00baC 50% HR) Tam kuruma 24 saat<br \/>Katlar aras\u0131 bekleme s\u00fcresi 8-12 saat<br \/>Parlama Noktas\u0131 : \u2013 (Parlamaz)<br \/>Ambalaj \u015eekli : 20 kg \u2013 10 kg<\/div>\r\n<p>[\/vc_column_text][\/vc_column][\/vc_row]<\/p><\/div>","protected":false},"excerpt":{"rendered":"<p>[vc_row][vc_column][vc_column_text][\/vc_column_text][\/vc_column][\/vc_row][vc_row][vc_column width=&#8221;1\/2&#8243;][vc_single_image image=&#8221;3948&#8243; img_size=&#8221;medium&#8221; add_caption=&#8221;yes&#8221; alignment=&#8221;center&#8221;][\/vc_column][vc_column width=&#8221;1\/2&#8243;][vc_column_text] Duvart Mermer Dekoratif Duvar Boyas\u0131 Uzun \u00f6m\u00fcrl\u00fc Silinebilir Renklendirilebilir Mermer g\u00f6r\u00fcn\u00fcm\u00fc kazand\u0131r\u0131r [\/vc_column_text][\/vc_column][\/vc_row][vc_row][vc_column][vc_column_text] Duvart Mermer Dekoratif Duvar Boyas\u0131 Duvart Mermer Dekoratif Duvar Boyas\u0131, su bazl\u0131, y\u00fczeylere mermer g\u00f6r\u00fcn\u00fcm\u00fc kazand\u0131ran, dekoratif, estetik, parlak, son kat i\u00e7 cephe kaplamas\u0131d\u0131r. Uygun astar ile astarlanm\u0131\u015f y\u00fczeyi d\u00fczg\u00fcnle\u015ftirilmi\u015f t\u00fcm i\u00e7 cephe yap\u0131 elemanlar\u0131&hellip;<\/p>\n","protected":false},"author":1,"featured_media":3991,"parent":0,"menu_order":0,"comment_status":"closed","ping_status":"closed","template":"","meta":[],"acf":[],"_links":{"self":[{"href":"http:\/\/aksuboya.com.tr\/index.php?rest_route=\/wp\/v2\/pages\/4664"}],"collection":[{"href":"http:\/\/aksuboya.com.tr\/index.php?rest_route=\/wp\/v2\/pages"}],"about":[{"href":"http:\/\/aksuboya.com.tr\/index.php?rest_route=\/wp\/v2\/types\/page"}],"author":[{"embeddable":true,"href":"http:\/\/aksuboya.com.tr\/index.php?rest_route=\/wp\/v2\/users\/1"}],"replies":[{"embeddable":true,"href":"http:\/\/aksuboya.com.tr\/index.php?rest_route=%2Fwp%2Fv2%2Fcomments&post=4664"}],"version-history":[{"count":3,"href":"http:\/\/aksuboya.com.tr\/index.php?rest_route=\/wp\/v2\/pages\/4664\/revisions"}],"predecessor-version":[{"id":4667,"href":"http:\/\/aksuboya.com.tr\/index.php?rest_route=\/wp\/v2\/pages\/4664\/revisions\/4667"}],"wp:featuredmedia":[{"embeddable":true,"href":"http:\/\/aksuboya.com.tr\/index.php?rest_route=\/wp\/v2\/media\/3991"}],"wp:attachment":[{"href":"http:\/\/aksuboya.com.tr\/index.php?rest_route=%2Fwp%2Fv2%2Fmedia&parent=4664"}],"curies":[{"name":"wp","href":"https:\/\/api.w.org\/{rel}","templated":true}]}}