{"id":5010,"date":"2023-06-16T16:43:47","date_gmt":"2023-06-16T16:43:47","guid":{"rendered":"http:\/\/aksuboya.com.tr\/?page_id=5010"},"modified":"2023-06-16T16:45:27","modified_gmt":"2023-06-16T16:45:27","slug":"tenis-kort-boyasi-su-bazli","status":"publish","type":"page","link":"http:\/\/aksuboya.com.tr\/?page_id=5010","title":{"rendered":"Tenis Kort Boyas\u0131 Su Bazl\u0131"},"content":{"rendered":"<div class=\"wpb-content-wrapper\"><p>[vc_row][vc_column][vc_column_text][\/vc_column_text][\/vc_column][\/vc_row][vc_row][vc_column width=&#8221;1\/2&#8243;][vc_single_image image=&#8221;4307&#8243; img_size=&#8221;medium&#8221; add_caption=&#8221;yes&#8221; alignment=&#8221;center&#8221;][\/vc_column][vc_column width=&#8221;1\/2&#8243;][vc_column_text]<\/p>\r\n<h2>Tenis Kort Boyas\u0131 Su Bazl\u0131<\/h2>\r\n<ul>\r\n<li class=\"bullet-checkmark\">\u00d6rt\u00fcc\u00fcl\u00fc\u011f\u00fc y\u00fcksek<\/li>\r\n<li class=\"bullet-checkmark\">Solmaya kar\u015f\u0131 dayan\u0131kl\u0131<\/li>\r\n<li class=\"bullet-checkmark\">UV \u0131\u015f\u0131nlar\u0131na kar\u015f\u0131 diren\u00e7li<\/li>\r\n<\/ul>\r\n<p>[\/vc_column_text][\/vc_column][\/vc_row][vc_row][vc_column][vc_column_text]<\/p>\r\n<h2>Tenis Kort Boyas\u0131 Su Bazl\u0131<\/h2>\r\n<p>Tenis kortlar\u0131na uygulanabilen su bazl\u0131 son kat boyad\u0131r.<\/p>\r\n<p>[\/vc_column_text][\/vc_column][\/vc_row]<\/p><\/div>","protected":false},"excerpt":{"rendered":"<p>[vc_row][vc_column][vc_column_text][\/vc_column_text][\/vc_column][\/vc_row][vc_row][vc_column width=&#8221;1\/2&#8243;][vc_single_image image=&#8221;4307&#8243; img_size=&#8221;medium&#8221; add_caption=&#8221;yes&#8221; alignment=&#8221;center&#8221;][\/vc_column][vc_column width=&#8221;1\/2&#8243;][vc_column_text] Tenis Kort Boyas\u0131 Su Bazl\u0131 \u00d6rt\u00fcc\u00fcl\u00fc\u011f\u00fc y\u00fcksek Solmaya kar\u015f\u0131 dayan\u0131kl\u0131 UV \u0131\u015f\u0131nlar\u0131na kar\u015f\u0131 diren\u00e7li [\/vc_column_text][\/vc_column][\/vc_row][vc_row][vc_column][vc_column_text] Tenis Kort Boyas\u0131 Su Bazl\u0131 Tenis kortlar\u0131na uygulanabilen su bazl\u0131 son kat boyad\u0131r. [\/vc_column_text][\/vc_column][\/vc_row]<\/p>\n","protected":false},"author":1,"featured_media":3991,"parent":0,"menu_order":0,"comment_status":"closed","ping_status":"closed","template":"","meta":[],"acf":[],"_links":{"self":[{"href":"http:\/\/aksuboya.com.tr\/index.php?rest_route=\/wp\/v2\/pages\/5010"}],"collection":[{"href":"http:\/\/aksuboya.com.tr\/index.php?rest_route=\/wp\/v2\/pages"}],"about":[{"href":"http:\/\/aksuboya.com.tr\/index.php?rest_route=\/wp\/v2\/types\/page"}],"author":[{"embeddable":true,"href":"http:\/\/aksuboya.com.tr\/index.php?rest_route=\/wp\/v2\/users\/1"}],"replies":[{"embeddable":true,"href":"http:\/\/aksuboya.com.tr\/index.php?rest_route=%2Fwp%2Fv2%2Fcomments&post=5010"}],"version-history":[{"count":3,"href":"http:\/\/aksuboya.com.tr\/index.php?rest_route=\/wp\/v2\/pages\/5010\/revisions"}],"predecessor-version":[{"id":5013,"href":"http:\/\/aksuboya.com.tr\/index.php?rest_route=\/wp\/v2\/pages\/5010\/revisions\/5013"}],"wp:featuredmedia":[{"embeddable":true,"href":"http:\/\/aksuboya.com.tr\/index.php?rest_route=\/wp\/v2\/media\/3991"}],"wp:attachment":[{"href":"http:\/\/aksuboya.com.tr\/index.php?rest_route=%2Fwp%2Fv2%2Fmedia&parent=5010"}],"curies":[{"name":"wp","href":"https:\/\/api.w.org\/{rel}","templated":true}]}}