{"id":5242,"date":"2023-07-17T08:51:54","date_gmt":"2023-07-17T08:51:54","guid":{"rendered":"http:\/\/aksuboya.com.tr\/?page_id=5242"},"modified":"2023-07-17T08:54:21","modified_gmt":"2023-07-17T08:54:21","slug":"cok-amacli-yaglayici","status":"publish","type":"page","link":"http:\/\/aksuboya.com.tr\/?page_id=5242","title":{"rendered":"\u00c7ok Ama\u00e7l\u0131 Ya\u011flay\u0131c\u0131"},"content":{"rendered":"<div class=\"wpb-content-wrapper\"><p>[vc_row][vc_column width=&#8221;1\/2&#8243;][vc_single_image image=&#8221;4328&#8243; img_size=&#8221;medium&#8221; alignment=&#8221;center&#8221;][\/vc_column][vc_column width=&#8221;1\/2&#8243;][vc_column_text]<\/p>\n<div class=\"product-short-description\">\n<h2>\u00c7ok Ama\u00e7l\u0131 Ya\u011flay\u0131c\u0131<\/h2>\n<ul>\n<li class=\"bullet-checkmark\">Metal ve kau\u00e7uk par\u00e7alar\u0131 ya\u011flamaya ve korumaya y\u00f6nelik \u00fcniversal ve kaliteli bir ya\u011fd\u0131r.<\/li>\n<li class=\"bullet-checkmark\">Evinizdeki veya at\u00f6lyenizdeki her t\u00fcr bak\u0131m uygulamas\u0131nda rahatl\u0131kla kullanabilirsiniz.<\/li>\n<li class=\"bullet-checkmark\">M\u00fckemmel n\u00fcfuz eder, nemi engeller paslanmay\u0131 \u00f6nler.<\/li>\n<\/ul>\n<\/div>\n<p>[\/vc_column_text][\/vc_column][\/vc_row]<\/p>\n<\/div>","protected":false},"excerpt":{"rendered":"<p>[vc_row][vc_column width=&#8221;1\/2&#8243;][vc_single_image image=&#8221;4328&#8243; img_size=&#8221;medium&#8221; alignment=&#8221;center&#8221;][\/vc_column][vc_column width=&#8221;1\/2&#8243;][vc_column_text] \u00c7ok Ama\u00e7l\u0131 Ya\u011flay\u0131c\u0131 Metal ve kau\u00e7uk par\u00e7alar\u0131 ya\u011flamaya ve korumaya y\u00f6nelik \u00fcniversal ve kaliteli bir ya\u011fd\u0131r. Evinizdeki veya at\u00f6lyenizdeki her t\u00fcr bak\u0131m uygulamas\u0131nda rahatl\u0131kla kullanabilirsiniz. M\u00fckemmel n\u00fcfuz eder, nemi engeller paslanmay\u0131 \u00f6nler. [\/vc_column_text][\/vc_column][\/vc_row]<\/p>\n","protected":false},"author":1,"featured_media":5026,"parent":0,"menu_order":0,"comment_status":"closed","ping_status":"closed","template":"","meta":[],"acf":[],"_links":{"self":[{"href":"http:\/\/aksuboya.com.tr\/index.php?rest_route=\/wp\/v2\/pages\/5242"}],"collection":[{"href":"http:\/\/aksuboya.com.tr\/index.php?rest_route=\/wp\/v2\/pages"}],"about":[{"href":"http:\/\/aksuboya.com.tr\/index.php?rest_route=\/wp\/v2\/types\/page"}],"author":[{"embeddable":true,"href":"http:\/\/aksuboya.com.tr\/index.php?rest_route=\/wp\/v2\/users\/1"}],"replies":[{"embeddable":true,"href":"http:\/\/aksuboya.com.tr\/index.php?rest_route=%2Fwp%2Fv2%2Fcomments&post=5242"}],"version-history":[{"count":4,"href":"http:\/\/aksuboya.com.tr\/index.php?rest_route=\/wp\/v2\/pages\/5242\/revisions"}],"predecessor-version":[{"id":5246,"href":"http:\/\/aksuboya.com.tr\/index.php?rest_route=\/wp\/v2\/pages\/5242\/revisions\/5246"}],"wp:featuredmedia":[{"embeddable":true,"href":"http:\/\/aksuboya.com.tr\/index.php?rest_route=\/wp\/v2\/media\/5026"}],"wp:attachment":[{"href":"http:\/\/aksuboya.com.tr\/index.php?rest_route=%2Fwp%2Fv2%2Fmedia&parent=5242"}],"curies":[{"name":"wp","href":"https:\/\/api.w.org\/{rel}","templated":true}]}}