{"id":5250,"date":"2023-07-17T08:57:00","date_gmt":"2023-07-17T08:57:00","guid":{"rendered":"http:\/\/aksuboya.com.tr\/?page_id=5250"},"modified":"2023-07-17T08:59:16","modified_gmt":"2023-07-17T08:59:16","slug":"kontak-temizleyici-sprey","status":"publish","type":"page","link":"http:\/\/aksuboya.com.tr\/?page_id=5250","title":{"rendered":"Kontak Temizleyici Sprey"},"content":{"rendered":"<div class=\"wpb-content-wrapper\"><p>[vc_row][vc_column width=&#8221;1\/2&#8243;][vc_single_image image=&#8221;4329&#8243; img_size=&#8221;medium&#8221; alignment=&#8221;center&#8221;][\/vc_column][vc_column width=&#8221;1\/2&#8243;][vc_column_text]<\/p>\n<div class=\"product-short-description\">\n<h2>Kontak Temizleyici Sprey<\/h2>\n<ul>\n<li class=\"bullet-checkmark\">Elektrik ba\u011flant\u0131lar\u0131nda kal\u0131c\u0131 bir iletkenlik sa\u011flamaya y\u00f6nelik kaliteli bir temizlik malzemesidir.<\/li>\n<li class=\"bullet-checkmark\">Y\u00fcksek bas\u0131n\u00e7l\u0131d\u0131r.<\/li>\n<li class=\"bullet-checkmark\">M\u00fckemmel temizler ve ya\u011fs\u0131zd\u0131r.<\/li>\n<\/ul>\n<\/div>\n<p>[\/vc_column_text][\/vc_column][\/vc_row]<\/p>\n<\/div>","protected":false},"excerpt":{"rendered":"<p>[vc_row][vc_column width=&#8221;1\/2&#8243;][vc_single_image image=&#8221;4329&#8243; img_size=&#8221;medium&#8221; alignment=&#8221;center&#8221;][\/vc_column][vc_column width=&#8221;1\/2&#8243;][vc_column_text] Kontak Temizleyici Sprey Elektrik ba\u011flant\u0131lar\u0131nda kal\u0131c\u0131 bir iletkenlik sa\u011flamaya y\u00f6nelik kaliteli bir temizlik malzemesidir. Y\u00fcksek bas\u0131n\u00e7l\u0131d\u0131r. M\u00fckemmel temizler ve ya\u011fs\u0131zd\u0131r. [\/vc_column_text][\/vc_column][\/vc_row]<\/p>\n","protected":false},"author":1,"featured_media":5026,"parent":0,"menu_order":0,"comment_status":"closed","ping_status":"closed","template":"","meta":[],"acf":[],"_links":{"self":[{"href":"http:\/\/aksuboya.com.tr\/index.php?rest_route=\/wp\/v2\/pages\/5250"}],"collection":[{"href":"http:\/\/aksuboya.com.tr\/index.php?rest_route=\/wp\/v2\/pages"}],"about":[{"href":"http:\/\/aksuboya.com.tr\/index.php?rest_route=\/wp\/v2\/types\/page"}],"author":[{"embeddable":true,"href":"http:\/\/aksuboya.com.tr\/index.php?rest_route=\/wp\/v2\/users\/1"}],"replies":[{"embeddable":true,"href":"http:\/\/aksuboya.com.tr\/index.php?rest_route=%2Fwp%2Fv2%2Fcomments&post=5250"}],"version-history":[{"count":3,"href":"http:\/\/aksuboya.com.tr\/index.php?rest_route=\/wp\/v2\/pages\/5250\/revisions"}],"predecessor-version":[{"id":5253,"href":"http:\/\/aksuboya.com.tr\/index.php?rest_route=\/wp\/v2\/pages\/5250\/revisions\/5253"}],"wp:featuredmedia":[{"embeddable":true,"href":"http:\/\/aksuboya.com.tr\/index.php?rest_route=\/wp\/v2\/media\/5026"}],"wp:attachment":[{"href":"http:\/\/aksuboya.com.tr\/index.php?rest_route=%2Fwp%2Fv2%2Fmedia&parent=5250"}],"curies":[{"name":"wp","href":"https:\/\/api.w.org\/{rel}","templated":true}]}}