{"id":5278,"date":"2023-07-17T10:04:59","date_gmt":"2023-07-17T10:04:59","guid":{"rendered":"http:\/\/aksuboya.com.tr\/?page_id=5278"},"modified":"2023-07-17T10:06:16","modified_gmt":"2023-07-17T10:06:16","slug":"motip-beyaz-gres","status":"publish","type":"page","link":"http:\/\/aksuboya.com.tr\/?page_id=5278","title":{"rendered":"Motip Beyaz Gres"},"content":{"rendered":"<div class=\"wpb-content-wrapper\"><p>[vc_row][vc_column width=&#8221;1\/2&#8243;][vc_single_image image=&#8221;4333&#8243; img_size=&#8221;medium&#8221; alignment=&#8221;center&#8221;][\/vc_column][vc_column width=&#8221;1\/2&#8243;][vc_column_text]<\/p>\n<div class=\"product-short-description\">\n<h2>Motip Beyaz Gres<\/h2>\n<ul>\n<li class=\"bullet-checkmark\">Spreyi, metal ya da plastik, mekanik par\u00e7alar\u0131 ya\u011flamak i\u00e7in kullan\u0131l\u0131r.<\/li>\n<li class=\"bullet-checkmark\">PTFE (polytetrafluoret) i\u00e7erir.<\/li>\n<li class=\"bullet-checkmark\">-30\u02daC ile +160\u02daC aras\u0131 \u0131s\u0131ya dayan\u0131kl\u0131d\u0131r.<\/li>\n<li class=\"bullet-checkmark\">M\u00fckemmel yap\u0131\u015fma, y\u00fcksek viskozite i\u00e7erir.<\/li>\n<\/ul>\n<\/div>\n<p>[\/vc_column_text][\/vc_column][\/vc_row]<\/p>\n<\/div>","protected":false},"excerpt":{"rendered":"<p>[vc_row][vc_column width=&#8221;1\/2&#8243;][vc_single_image image=&#8221;4333&#8243; img_size=&#8221;medium&#8221; alignment=&#8221;center&#8221;][\/vc_column][vc_column width=&#8221;1\/2&#8243;][vc_column_text] Motip Beyaz Gres Spreyi, metal ya da plastik, mekanik par\u00e7alar\u0131 ya\u011flamak i\u00e7in kullan\u0131l\u0131r. PTFE (polytetrafluoret) i\u00e7erir. -30\u02daC ile +160\u02daC aras\u0131 \u0131s\u0131ya dayan\u0131kl\u0131d\u0131r. M\u00fckemmel yap\u0131\u015fma, y\u00fcksek viskozite i\u00e7erir. [\/vc_column_text][\/vc_column][\/vc_row]<\/p>\n","protected":false},"author":1,"featured_media":5026,"parent":0,"menu_order":0,"comment_status":"closed","ping_status":"closed","template":"","meta":[],"acf":[],"_links":{"self":[{"href":"http:\/\/aksuboya.com.tr\/index.php?rest_route=\/wp\/v2\/pages\/5278"}],"collection":[{"href":"http:\/\/aksuboya.com.tr\/index.php?rest_route=\/wp\/v2\/pages"}],"about":[{"href":"http:\/\/aksuboya.com.tr\/index.php?rest_route=\/wp\/v2\/types\/page"}],"author":[{"embeddable":true,"href":"http:\/\/aksuboya.com.tr\/index.php?rest_route=\/wp\/v2\/users\/1"}],"replies":[{"embeddable":true,"href":"http:\/\/aksuboya.com.tr\/index.php?rest_route=%2Fwp%2Fv2%2Fcomments&post=5278"}],"version-history":[{"count":2,"href":"http:\/\/aksuboya.com.tr\/index.php?rest_route=\/wp\/v2\/pages\/5278\/revisions"}],"predecessor-version":[{"id":5280,"href":"http:\/\/aksuboya.com.tr\/index.php?rest_route=\/wp\/v2\/pages\/5278\/revisions\/5280"}],"wp:featuredmedia":[{"embeddable":true,"href":"http:\/\/aksuboya.com.tr\/index.php?rest_route=\/wp\/v2\/media\/5026"}],"wp:attachment":[{"href":"http:\/\/aksuboya.com.tr\/index.php?rest_route=%2Fwp%2Fv2%2Fmedia&parent=5278"}],"curies":[{"name":"wp","href":"https:\/\/api.w.org\/{rel}","templated":true}]}}