{"id":5327,"date":"2023-07-17T13:20:57","date_gmt":"2023-07-17T13:20:57","guid":{"rendered":"http:\/\/aksuboya.com.tr\/?page_id=5327"},"modified":"2023-07-17T13:29:04","modified_gmt":"2023-07-17T13:29:04","slug":"gaz-kacak-arama-spreyi","status":"publish","type":"page","link":"http:\/\/aksuboya.com.tr\/?page_id=5327","title":{"rendered":"Gaz Ka\u00e7ak Arama Spreyi"},"content":{"rendered":"<div class=\"wpb-content-wrapper\"><p>[vc_row][vc_column width=&#8221;1\/2&#8243;][vc_single_image image=&#8221;4341&#8243; img_size=&#8221;medium&#8221; alignment=&#8221;center&#8221;][\/vc_column][vc_column width=&#8221;1\/2&#8243;][vc_column_text]<\/p>\n<div class=\"product-short-description\">\n<h2>Gaz Ka\u00e7ak Arama Spreyi<\/h2>\n<ul>\n<li class=\"bullet-checkmark\">Bas\u0131n\u00e7l\u0131 hava ve gaz iletim sistemlerindeki ka\u00e7ak noktalar\u0131n tespitinde kullan\u0131l\u0131r.<\/li>\n<li class=\"bullet-checkmark\">S\u0131z\u0131nt\u0131 yapan noktalar kabarc\u0131klarla belirgin hale getirilir.<\/li>\n<li class=\"bullet-checkmark\">P\u00fcsk\u00fcrtt\u00fc\u011f\u00fcn\u00fcz k\u00f6p\u00fc\u011f\u00fc suyla rahatl\u0131kla temizleyebilirsiniz.<\/li>\n<li class=\"bullet-checkmark\">Art\u0131k b\u0131rakmaz ve b\u00f6ylelikle onar\u0131m\u0131 g\u00fc\u00e7le\u015ftirmez.<\/li>\n<li class=\"bullet-checkmark\">DVGW sertifikal\u0131d\u0131r. Numaras\u0131: NG\/5170BR0105.<\/li>\n<li class=\"bullet-checkmark\">Alev almaz, su ile temizlenir, paslanma yapmaz.<\/li>\n<\/ul>\n<\/div>\n<p>[\/vc_column_text][\/vc_column][\/vc_row]<\/p>\n<\/div>","protected":false},"excerpt":{"rendered":"<p>[vc_row][vc_column width=&#8221;1\/2&#8243;][vc_single_image image=&#8221;4341&#8243; img_size=&#8221;medium&#8221; alignment=&#8221;center&#8221;][\/vc_column][vc_column width=&#8221;1\/2&#8243;][vc_column_text] Gaz Ka\u00e7ak Arama Spreyi Bas\u0131n\u00e7l\u0131 hava ve gaz iletim sistemlerindeki ka\u00e7ak noktalar\u0131n tespitinde kullan\u0131l\u0131r. S\u0131z\u0131nt\u0131 yapan noktalar kabarc\u0131klarla belirgin hale getirilir. P\u00fcsk\u00fcrtt\u00fc\u011f\u00fcn\u00fcz k\u00f6p\u00fc\u011f\u00fc suyla rahatl\u0131kla temizleyebilirsiniz. Art\u0131k b\u0131rakmaz ve b\u00f6ylelikle onar\u0131m\u0131 g\u00fc\u00e7le\u015ftirmez. DVGW sertifikal\u0131d\u0131r. Numaras\u0131: NG\/5170BR0105. Alev almaz, su ile temizlenir, paslanma yapmaz. [\/vc_column_text][\/vc_column][\/vc_row]<\/p>\n","protected":false},"author":1,"featured_media":5026,"parent":0,"menu_order":0,"comment_status":"closed","ping_status":"closed","template":"","meta":[],"acf":[],"_links":{"self":[{"href":"http:\/\/aksuboya.com.tr\/index.php?rest_route=\/wp\/v2\/pages\/5327"}],"collection":[{"href":"http:\/\/aksuboya.com.tr\/index.php?rest_route=\/wp\/v2\/pages"}],"about":[{"href":"http:\/\/aksuboya.com.tr\/index.php?rest_route=\/wp\/v2\/types\/page"}],"author":[{"embeddable":true,"href":"http:\/\/aksuboya.com.tr\/index.php?rest_route=\/wp\/v2\/users\/1"}],"replies":[{"embeddable":true,"href":"http:\/\/aksuboya.com.tr\/index.php?rest_route=%2Fwp%2Fv2%2Fcomments&post=5327"}],"version-history":[{"count":3,"href":"http:\/\/aksuboya.com.tr\/index.php?rest_route=\/wp\/v2\/pages\/5327\/revisions"}],"predecessor-version":[{"id":5330,"href":"http:\/\/aksuboya.com.tr\/index.php?rest_route=\/wp\/v2\/pages\/5327\/revisions\/5330"}],"wp:featuredmedia":[{"embeddable":true,"href":"http:\/\/aksuboya.com.tr\/index.php?rest_route=\/wp\/v2\/media\/5026"}],"wp:attachment":[{"href":"http:\/\/aksuboya.com.tr\/index.php?rest_route=%2Fwp%2Fv2%2Fmedia&parent=5327"}],"curies":[{"name":"wp","href":"https:\/\/api.w.org\/{rel}","templated":true}]}}