{"id":5379,"date":"2023-07-17T14:04:38","date_gmt":"2023-07-17T14:04:38","guid":{"rendered":"http:\/\/aksuboya.com.tr\/?page_id=5379"},"modified":"2023-07-17T14:06:55","modified_gmt":"2023-07-17T14:06:55","slug":"partikul-filtre-temizleme-spreyi-dizel","status":"publish","type":"page","link":"http:\/\/aksuboya.com.tr\/?page_id=5379","title":{"rendered":"Partik\u00fcl Filtre Temizleme Spreyi (Dizel)"},"content":{"rendered":"<div class=\"wpb-content-wrapper\"><p>[vc_row][vc_column width=&#8221;1\/2&#8243;][vc_single_image image=&#8221;4357&#8243; img_size=&#8221;medium&#8221; alignment=&#8221;center&#8221;][\/vc_column][vc_column width=&#8221;1\/2&#8243;][vc_column_text]<\/p>\n<div class=\"product-short-description\">\n<h2>Partik\u00fcl Filtre Temizleme Spreyi (Dizel)<\/h2>\n<ul>\n<li class=\"bullet-checkmark\">Dizel partik\u00fcl filtre sistemlerindeki k\u00fcl birikintilerini s\u00f6kmeden gev\u015fetmek ve \u00e7\u0131karmak i\u00e7in kullan\u0131lan temizleme spreyi.<\/li>\n<\/ul>\n<\/div>\n<p>[\/vc_column_text][\/vc_column][\/vc_row]<\/p>\n<\/div>","protected":false},"excerpt":{"rendered":"<p>[vc_row][vc_column width=&#8221;1\/2&#8243;][vc_single_image image=&#8221;4357&#8243; img_size=&#8221;medium&#8221; alignment=&#8221;center&#8221;][\/vc_column][vc_column width=&#8221;1\/2&#8243;][vc_column_text] Partik\u00fcl Filtre Temizleme Spreyi (Dizel) Dizel partik\u00fcl filtre sistemlerindeki k\u00fcl birikintilerini s\u00f6kmeden gev\u015fetmek ve \u00e7\u0131karmak i\u00e7in kullan\u0131lan temizleme spreyi. [\/vc_column_text][\/vc_column][\/vc_row]<\/p>\n","protected":false},"author":1,"featured_media":5026,"parent":0,"menu_order":0,"comment_status":"closed","ping_status":"closed","template":"","meta":[],"acf":[],"_links":{"self":[{"href":"http:\/\/aksuboya.com.tr\/index.php?rest_route=\/wp\/v2\/pages\/5379"}],"collection":[{"href":"http:\/\/aksuboya.com.tr\/index.php?rest_route=\/wp\/v2\/pages"}],"about":[{"href":"http:\/\/aksuboya.com.tr\/index.php?rest_route=\/wp\/v2\/types\/page"}],"author":[{"embeddable":true,"href":"http:\/\/aksuboya.com.tr\/index.php?rest_route=\/wp\/v2\/users\/1"}],"replies":[{"embeddable":true,"href":"http:\/\/aksuboya.com.tr\/index.php?rest_route=%2Fwp%2Fv2%2Fcomments&post=5379"}],"version-history":[{"count":3,"href":"http:\/\/aksuboya.com.tr\/index.php?rest_route=\/wp\/v2\/pages\/5379\/revisions"}],"predecessor-version":[{"id":5381,"href":"http:\/\/aksuboya.com.tr\/index.php?rest_route=\/wp\/v2\/pages\/5379\/revisions\/5381"}],"wp:featuredmedia":[{"embeddable":true,"href":"http:\/\/aksuboya.com.tr\/index.php?rest_route=\/wp\/v2\/media\/5026"}],"wp:attachment":[{"href":"http:\/\/aksuboya.com.tr\/index.php?rest_route=%2Fwp%2Fv2%2Fmedia&parent=5379"}],"curies":[{"name":"wp","href":"https:\/\/api.w.org\/{rel}","templated":true}]}}