{"id":5454,"date":"2023-07-17T16:11:52","date_gmt":"2023-07-17T16:11:52","guid":{"rendered":"http:\/\/aksuboya.com.tr\/?page_id=5454"},"modified":"2023-07-17T16:13:44","modified_gmt":"2023-07-17T16:13:44","slug":"motip-bos-gazli-kutu-spreyi-solvent-bazli","status":"publish","type":"page","link":"http:\/\/aksuboya.com.tr\/?page_id=5454","title":{"rendered":"Motip Bo\u015f Gazl\u0131 Kutu Spreyi \u2013 Solvent Bazl\u0131"},"content":{"rendered":"<div class=\"wpb-content-wrapper\"><p>[vc_row][vc_column width=&#8221;1\/2&#8243;][vc_single_image image=&#8221;4377&#8243; img_size=&#8221;medium&#8221; alignment=&#8221;center&#8221;][\/vc_column][vc_column width=&#8221;1\/2&#8243;][vc_column_text]<\/p>\n<div class=\"product-short-description\">\n<h2>Motip Bo\u015f Gazl\u0131 Kutu Spreyi \u2013 Solvent Bazl\u0131<\/h2>\n<ul>\n<li class=\"bullet-checkmark\">Motip Bo\u015f Gazl\u0131 Kutu Spreyi, kutusuna itici gaz ve \u00f6zel ilave gazlar doldurulmu\u015f olup i\u00e7erisine VitoMat dolum makinelerinin yard\u0131m\u0131yla istedi\u011finiz renkte boya kat\u0131l\u0131r.<\/li>\n<li class=\"bullet-checkmark\">Yenilik\u00e7i p\u00fcsk\u00fcrtme ve valf tekni\u011fi istedi\u011finiz geni\u015flikte p\u00fcsk\u00fcrtme olana\u011f\u0131 verir.<\/li>\n<li class=\"bullet-checkmark\">Y\u00fcksek verimlidir ve bas\u0131nc\u0131nda de\u011fi\u015fme olmaz, en iyi i\u015fleme ve profesyonel bir sonu\u00e7 kalitesi garanti eder.<\/li>\n<\/ul>\n<\/div>\n<p>[\/vc_column_text][\/vc_column][\/vc_row]<\/p>\n<\/div>","protected":false},"excerpt":{"rendered":"<p>[vc_row][vc_column width=&#8221;1\/2&#8243;][vc_single_image image=&#8221;4377&#8243; img_size=&#8221;medium&#8221; alignment=&#8221;center&#8221;][\/vc_column][vc_column width=&#8221;1\/2&#8243;][vc_column_text] Motip Bo\u015f Gazl\u0131 Kutu Spreyi \u2013 Solvent Bazl\u0131 Motip Bo\u015f Gazl\u0131 Kutu Spreyi, kutusuna itici gaz ve \u00f6zel ilave gazlar doldurulmu\u015f olup i\u00e7erisine VitoMat dolum makinelerinin yard\u0131m\u0131yla istedi\u011finiz renkte boya kat\u0131l\u0131r. Yenilik\u00e7i p\u00fcsk\u00fcrtme ve valf tekni\u011fi istedi\u011finiz geni\u015flikte p\u00fcsk\u00fcrtme olana\u011f\u0131 verir. Y\u00fcksek verimlidir ve bas\u0131nc\u0131nda de\u011fi\u015fme olmaz, en iyi&hellip;<\/p>\n","protected":false},"author":1,"featured_media":5026,"parent":0,"menu_order":0,"comment_status":"closed","ping_status":"closed","template":"","meta":[],"acf":[],"_links":{"self":[{"href":"http:\/\/aksuboya.com.tr\/index.php?rest_route=\/wp\/v2\/pages\/5454"}],"collection":[{"href":"http:\/\/aksuboya.com.tr\/index.php?rest_route=\/wp\/v2\/pages"}],"about":[{"href":"http:\/\/aksuboya.com.tr\/index.php?rest_route=\/wp\/v2\/types\/page"}],"author":[{"embeddable":true,"href":"http:\/\/aksuboya.com.tr\/index.php?rest_route=\/wp\/v2\/users\/1"}],"replies":[{"embeddable":true,"href":"http:\/\/aksuboya.com.tr\/index.php?rest_route=%2Fwp%2Fv2%2Fcomments&post=5454"}],"version-history":[{"count":3,"href":"http:\/\/aksuboya.com.tr\/index.php?rest_route=\/wp\/v2\/pages\/5454\/revisions"}],"predecessor-version":[{"id":5457,"href":"http:\/\/aksuboya.com.tr\/index.php?rest_route=\/wp\/v2\/pages\/5454\/revisions\/5457"}],"wp:featuredmedia":[{"embeddable":true,"href":"http:\/\/aksuboya.com.tr\/index.php?rest_route=\/wp\/v2\/media\/5026"}],"wp:attachment":[{"href":"http:\/\/aksuboya.com.tr\/index.php?rest_route=%2Fwp%2Fv2%2Fmedia&parent=5454"}],"curies":[{"name":"wp","href":"https:\/\/api.w.org\/{rel}","templated":true}]}}