{"id":5468,"date":"2023-07-17T16:19:42","date_gmt":"2023-07-17T16:19:42","guid":{"rendered":"http:\/\/aksuboya.com.tr\/?page_id=5468"},"modified":"2023-07-17T16:21:13","modified_gmt":"2023-07-17T16:21:13","slug":"tekstil-temizleyici","status":"publish","type":"page","link":"http:\/\/aksuboya.com.tr\/?page_id=5468","title":{"rendered":"Tekstil Temizleyici"},"content":{"rendered":"<div class=\"wpb-content-wrapper\"><p>[vc_row][vc_column width=&#8221;1\/2&#8243;][vc_single_image image=&#8221;4379&#8243; img_size=&#8221;medium&#8221; alignment=&#8221;center&#8221;][\/vc_column][vc_column width=&#8221;1\/2&#8243;][vc_column_text]<\/p>\n<div class=\"product-short-description\">\n<h2><strong>Tekstil Temizleyici<\/strong><\/h2>\n<ul>\n<li class=\"bullet-checkmark\">Kuma\u015flar\u0131 temizlemek i\u00e7in etkili, h\u0131zl\u0131 kuruyan bir k\u00f6p\u00fckt\u00fcr.<\/li>\n<li class=\"bullet-checkmark\">Tekstil temizleyici, kullan\u0131m\u0131 kolay, kuru, temizleyici bir k\u00f6p\u00fckt\u00fcr<\/li>\n<li class=\"bullet-checkmark\">Y\u00fcksek \u00e7\u00f6z\u00fclme \u00f6zelliklerine, hafif bir kokuya ve 360\u00b0 valfe sahipti<\/li>\n<\/ul>\n<\/div>\n<p>[\/vc_column_text][\/vc_column][\/vc_row]<\/p>\n<\/div>","protected":false},"excerpt":{"rendered":"<p>[vc_row][vc_column width=&#8221;1\/2&#8243;][vc_single_image image=&#8221;4379&#8243; img_size=&#8221;medium&#8221; alignment=&#8221;center&#8221;][\/vc_column][vc_column width=&#8221;1\/2&#8243;][vc_column_text] Tekstil Temizleyici Kuma\u015flar\u0131 temizlemek i\u00e7in etkili, h\u0131zl\u0131 kuruyan bir k\u00f6p\u00fckt\u00fcr. Tekstil temizleyici, kullan\u0131m\u0131 kolay, kuru, temizleyici bir k\u00f6p\u00fckt\u00fcr Y\u00fcksek \u00e7\u00f6z\u00fclme \u00f6zelliklerine, hafif bir kokuya ve 360\u00b0 valfe sahipti [\/vc_column_text][\/vc_column][\/vc_row]<\/p>\n","protected":false},"author":1,"featured_media":5026,"parent":0,"menu_order":0,"comment_status":"closed","ping_status":"closed","template":"","meta":[],"acf":[],"_links":{"self":[{"href":"http:\/\/aksuboya.com.tr\/index.php?rest_route=\/wp\/v2\/pages\/5468"}],"collection":[{"href":"http:\/\/aksuboya.com.tr\/index.php?rest_route=\/wp\/v2\/pages"}],"about":[{"href":"http:\/\/aksuboya.com.tr\/index.php?rest_route=\/wp\/v2\/types\/page"}],"author":[{"embeddable":true,"href":"http:\/\/aksuboya.com.tr\/index.php?rest_route=\/wp\/v2\/users\/1"}],"replies":[{"embeddable":true,"href":"http:\/\/aksuboya.com.tr\/index.php?rest_route=%2Fwp%2Fv2%2Fcomments&post=5468"}],"version-history":[{"count":2,"href":"http:\/\/aksuboya.com.tr\/index.php?rest_route=\/wp\/v2\/pages\/5468\/revisions"}],"predecessor-version":[{"id":5470,"href":"http:\/\/aksuboya.com.tr\/index.php?rest_route=\/wp\/v2\/pages\/5468\/revisions\/5470"}],"wp:featuredmedia":[{"embeddable":true,"href":"http:\/\/aksuboya.com.tr\/index.php?rest_route=\/wp\/v2\/media\/5026"}],"wp:attachment":[{"href":"http:\/\/aksuboya.com.tr\/index.php?rest_route=%2Fwp%2Fv2%2Fmedia&parent=5468"}],"curies":[{"name":"wp","href":"https:\/\/api.w.org\/{rel}","templated":true}]}}