{"id":5529,"date":"2023-07-17T20:37:37","date_gmt":"2023-07-17T20:37:37","guid":{"rendered":"http:\/\/aksuboya.com.tr\/?page_id=5529"},"modified":"2023-07-17T20:39:50","modified_gmt":"2023-07-17T20:39:50","slug":"jant-koruyucu","status":"publish","type":"page","link":"http:\/\/aksuboya.com.tr\/?page_id=5529","title":{"rendered":"Jant Koruyucu"},"content":{"rendered":"<div class=\"wpb-content-wrapper\"><p>[vc_row][vc_column width=&#8221;1\/2&#8243;][vc_single_image image=&#8221;4394&#8243; img_size=&#8221;medium&#8221; alignment=&#8221;center&#8221;][\/vc_column][vc_column width=&#8221;1\/2&#8243;][vc_column_text]<\/p>\n<div class=\"product-short-description\">\n<h2>Jant Koruyucu<\/h2>\n<ul>\n<li class=\"bullet-checkmark\">Motip Jant Koruyucu, metal ve kau\u00e7uk par\u00e7alar\u0131 ya\u011flamaya ve korumaya y\u00f6nelik \u00fcniversal ve kaliteli bir ya\u011fd\u0131r.<\/li>\n<li class=\"bullet-checkmark\">Evinizdeki veya at\u00f6lyenizdeki her t\u00fcr bak\u0131m uygulamas\u0131nda rahatl\u0131kla kullanabilirsiniz.<\/li>\n<li class=\"bullet-checkmark\">M\u00fckemmel n\u00fcfuz eder, nemi engeller paslanmay\u0131 \u00f6nler.<\/li>\n<\/ul>\n<\/div>\n<p>[\/vc_column_text][\/vc_column][\/vc_row]<\/p>\n<\/div>","protected":false},"excerpt":{"rendered":"<p>[vc_row][vc_column width=&#8221;1\/2&#8243;][vc_single_image image=&#8221;4394&#8243; img_size=&#8221;medium&#8221; alignment=&#8221;center&#8221;][\/vc_column][vc_column width=&#8221;1\/2&#8243;][vc_column_text] Jant Koruyucu Motip Jant Koruyucu, metal ve kau\u00e7uk par\u00e7alar\u0131 ya\u011flamaya ve korumaya y\u00f6nelik \u00fcniversal ve kaliteli bir ya\u011fd\u0131r. Evinizdeki veya at\u00f6lyenizdeki her t\u00fcr bak\u0131m uygulamas\u0131nda rahatl\u0131kla kullanabilirsiniz. M\u00fckemmel n\u00fcfuz eder, nemi engeller paslanmay\u0131 \u00f6nler. [\/vc_column_text][\/vc_column][\/vc_row]<\/p>\n","protected":false},"author":1,"featured_media":5026,"parent":0,"menu_order":0,"comment_status":"closed","ping_status":"closed","template":"","meta":[],"acf":[],"_links":{"self":[{"href":"http:\/\/aksuboya.com.tr\/index.php?rest_route=\/wp\/v2\/pages\/5529"}],"collection":[{"href":"http:\/\/aksuboya.com.tr\/index.php?rest_route=\/wp\/v2\/pages"}],"about":[{"href":"http:\/\/aksuboya.com.tr\/index.php?rest_route=\/wp\/v2\/types\/page"}],"author":[{"embeddable":true,"href":"http:\/\/aksuboya.com.tr\/index.php?rest_route=\/wp\/v2\/users\/1"}],"replies":[{"embeddable":true,"href":"http:\/\/aksuboya.com.tr\/index.php?rest_route=%2Fwp%2Fv2%2Fcomments&post=5529"}],"version-history":[{"count":3,"href":"http:\/\/aksuboya.com.tr\/index.php?rest_route=\/wp\/v2\/pages\/5529\/revisions"}],"predecessor-version":[{"id":5532,"href":"http:\/\/aksuboya.com.tr\/index.php?rest_route=\/wp\/v2\/pages\/5529\/revisions\/5532"}],"wp:featuredmedia":[{"embeddable":true,"href":"http:\/\/aksuboya.com.tr\/index.php?rest_route=\/wp\/v2\/media\/5026"}],"wp:attachment":[{"href":"http:\/\/aksuboya.com.tr\/index.php?rest_route=%2Fwp%2Fv2%2Fmedia&parent=5529"}],"curies":[{"name":"wp","href":"https:\/\/api.w.org\/{rel}","templated":true}]}}